{"id":25,"date":"2019-04-19T11:09:19","date_gmt":"2019-04-19T11:09:19","guid":{"rendered":"http:\/\/bushido-erlensee.de\/?page_id=25"},"modified":"2019-04-19T11:09:19","modified_gmt":"2019-04-19T11:09:19","slug":"haftungshinweis","status":"publish","type":"page","link":"https:\/\/bushido-erlensee.de\/?page_id=25","title":{"rendered":"Haftungshinweis"},"content":{"rendered":"\n<p>Trotz sorgf\u00e4ltiger inhaltlicher Kontrolle\n\u00fcbernehmen wir keine Haftung f\u00fcr die Inhalte externer Links. F\u00fcr den Inhalt der\nverlinkten Seiten ist ausschlie\u00dflich der Betreiber verantwortlich. Alle Texte\nund Bilder und weitere hier ver\u00f6ffentlichte Informationen unterliegen dem\nCopyright des SV Bushido Erlensee e.V. oder den beim Foto genannten Personen.\nEine Reproduktion oder Wiedergabe des Ganzen oder von Teilen ist ohne die\nschriftliche Genehmigung des SV Bushido Erlensee e.V. untersagt. Der SV Bushido\nErlensee e.V. ist bem\u00fcht sich im Rahmen des Zumutbaren, auf dieser Website\nrichtige und vollst\u00e4ndige Informationen zur Verf\u00fcgung zu stellen. Der SV\nBushido Erlensee e.V. \u00fcbernimmt jedoch keine Haftung oder Garantie f\u00fcr die\nAktualit\u00e4t, Richtigkeit und Vollst\u00e4ndigkeit der auf dieser Website\nbereitgestellten Informationen. Der SV Bushido Erlensee e.V. haftet nicht f\u00fcr\ndirekte oder indirekte Sch\u00e4den, einschlie\u00dflich entgangenen Gewinns, die\naufgrund von Fehlinformationen oder sonst wie in Verbindung mit Informationen\nentstehen, die auf dieser Website bereitgehalten werden.<\/p>\n","protected":false},"excerpt":{"rendered":"<p>Trotz sorgf\u00e4ltiger inhaltlicher Kontrolle \u00fcbernehmen wir keine Haftung f\u00fcr die Inhalte externer Links. F\u00fcr den Inhalt der verlinkten Seiten ist ausschlie\u00dflich der Betreiber verantwortlich. Alle Texte und Bilder und weitere hier ver\u00f6ffentlichte Informationen unterliegen dem Copyright des SV Bushido Erlensee e.V. oder den beim Foto genannten Personen. Eine Reproduktion oder Wiedergabe des Ganzen oder von Teilen ist ohne die schriftliche Genehmigung des SV Bushido Erlensee e.V. untersagt. Der SV Bushido Erlensee e.V. ist bem\u00fcht sich im Rahmen des Zumutbaren, auf dieser Website richtige und vollst\u00e4ndige Informationen zur Verf\u00fcgung zu stellen. Der SV Bushido Erlensee e.V. \u00fcbernimmt jedoch keine Haftung oder Garantie f\u00fcr die Aktualit\u00e4t, Richtigkeit und Vollst\u00e4ndigkeit der auf dieser Website bereitgestellten Informationen. Der SV Bushido Erlensee e.V. haftet nicht f\u00fcr direkte oder indirekte Sch\u00e4den, einschlie\u00dflich entgangenen Gewinns, die aufgrund von Fehlinformationen oder sonst wie in Verbindung mit Informationen entstehen, die auf dieser Website bereitgehalten werden.<\/p>\n","protected":false},"author":1,"featured_media":0,"parent":0,"menu_order":0,"comment_status":"closed","ping_status":"closed","template":"","meta":{"footnotes":""},"class_list":["post-25","page","type-page","status-publish","hentry"],"_links":{"self":[{"href":"https:\/\/bushido-erlensee.de\/index.php?rest_route=\/wp\/v2\/pages\/25","targetHints":{"allow":["GET"]}}],"collection":[{"href":"https:\/\/bushido-erlensee.de\/index.php?rest_route=\/wp\/v2\/pages"}],"about":[{"href":"https:\/\/bushido-erlensee.de\/index.php?rest_route=\/wp\/v2\/types\/page"}],"author":[{"embeddable":true,"href":"https:\/\/bushido-erlensee.de\/index.php?rest_route=\/wp\/v2\/users\/1"}],"replies":[{"embeddable":true,"href":"https:\/\/bushido-erlensee.de\/index.php?rest_route=%2Fwp%2Fv2%2Fcomments&post=25"}],"version-history":[{"count":1,"href":"https:\/\/bushido-erlensee.de\/index.php?rest_route=\/wp\/v2\/pages\/25\/revisions"}],"predecessor-version":[{"id":26,"href":"https:\/\/bushido-erlensee.de\/index.php?rest_route=\/wp\/v2\/pages\/25\/revisions\/26"}],"wp:attachment":[{"href":"https:\/\/bushido-erlensee.de\/index.php?rest_route=%2Fwp%2Fv2%2Fmedia&parent=25"}],"curies":[{"name":"wp","href":"https:\/\/api.w.org\/{rel}","templated":true}]}}